{"id":2,"date":"2025-11-20T18:36:27","date_gmt":"2025-11-20T18:36:27","guid":{"rendered":"http:\/\/pixelsdhistoire.fr\/?page_id=2"},"modified":"2025-11-20T19:56:17","modified_gmt":"2025-11-20T19:56:17","slug":"sample-page","status":"publish","type":"page","link":"https:\/\/pixelsdhistoire.fr\/","title":{"rendered":"Votre histoire m&rsquo;interesse&#8230;"},"content":{"rendered":"\n<div class=\"wp-block-media-text is-stacked-on-mobile\" style=\"grid-template-columns:31% auto\"><figure class=\"wp-block-media-text__media\"><img loading=\"lazy\" decoding=\"async\" width=\"300\" height=\"170\" src=\"http:\/\/pixelsdhistoire.fr\/wp-content\/uploads\/2025\/11\/pixeldhistoires_blog.webp\" alt=\"\" class=\"wp-image-39 size-full\"\/><\/figure><div class=\"wp-block-media-text__content\">\n<p>Si vous faites partie des personnes qui me suivent sur ma chaine myadventurebike et mon site myadventurebike.com, je suis heureux de vous informer du lancement prochain d&rsquo;une nouvelle activit\u00e9, baptis\u00e9e <strong>pixelsdhistoires<\/strong>.<\/p>\n<\/div><\/div>\n\n\n\n<p>Mes derniers road trip en moto ont eu pour fil directeur les champs de bataille de 14-18, et tout cel\u00e0 a pris une tournure particuli\u00e8re avec le dernier sur le Soldat Vanniez. C&rsquo;est le d\u00e9clencheur d&rsquo;un projet que j&rsquo;ai depuis longtemps, celui de garder en m\u00e9moire l&rsquo;histoire et les histoires, sous diff\u00e9rentes formes digitales.<br><br>J&rsquo;avais d\u00e9j\u00e0 r\u00e9alis\u00e9 un montage, il y a quelques ann\u00e9es sur le Congr\u00e9 Marial de Boulogne sur mer en 1935 et ce projet avait d\u00e9j\u00e0 \u00e9veill\u00e9 en moi quelques int\u00e9r\u00eats pour les \u00e9v\u00e9nements du pass\u00e9. Et puis, ayant moi m\u00eame des grands parents, je me suis rendu compte que les histoires se transmettaient oralement et quand les anciens disparaissent, ils emportent avec eux beaucoup de choses&#8230; Il y a aussi la g\u00e9n\u00e9alogie qui permet aujourd&rsquo;hui, avec l&rsquo;exp\u00e9rience, de reconstituer et rapprocher les g\u00e9n\u00e9rations,<br> toutes les photos, les documents enfouis au fond des greniers, les films,&#8230;<\/p>\n\n\n\n<p>Sans oublier les entreprises qui ont \u00e9galement leur propre histoire, qui a elle seule cr\u00e9dibilise leur identit\u00e9 et leur savoir-faire.<br><br>Et puis la recherche des lieux, la g\u00e9n\u00e9alogie, la cr\u00e9ation d&rsquo;un r\u00e9cit, une interview en vid\u00e9o, en \u00e9tant le plus proche possible d&rsquo;une vie, d&rsquo;une aventure&#8230;<br><br>(Re) naissance pour moi ? Parce que c&rsquo;est un projet qui me tient \u00e0 coeur, par les histoires, les rencontres, les surprises, les bonheurs qu&rsquo;il vient de me procurer au travers de mon dernier film et qui arrive \u00e0 point dans mon parcours de vie o\u00f9 tout ce que j&rsquo;ai pu conna\u00eetre prend d\u00e9sormais sens, voire m\u00eame un vrai sens.<br> <br>Le temps pour moi de cr\u00e9er un nouveau site web, une cha\u00eene,&#8230;<\/p>\n\n\n\n<p>Pourquoi Pixelsdhistoires ? Parce toutes ces histoires ne peuvent \u00eatre sauvegard\u00e9es et partag\u00e9es durablement <strong>que<\/strong> sous forme de pixels : web, pdf, photos, vid\u00e9os, livres, toute la cha\u00eene graphique est num\u00e9rique<br><br>Alors, \u00e0 tr\u00e8s vite !<br><\/p>\n\n\n\n<figure class=\"wp-block-embed is-type-video is-provider-youtube wp-block-embed-youtube wp-embed-aspect-16-9 wp-has-aspect-ratio\"><div class=\"wp-block-embed__wrapper\">\n<iframe loading=\"lazy\" title=\"Sur les traces du Soldat Vanniez \u2013 Road Trip en Argonne\" width=\"640\" height=\"360\" src=\"https:\/\/www.youtube.com\/embed\/3UFQ7o1ZbWc?feature=oembed\" frameborder=\"0\" allow=\"accelerometer; autoplay; clipboard-write; encrypted-media; gyroscope; picture-in-picture; web-share\" referrerpolicy=\"strict-origin-when-cross-origin\" allowfullscreen><\/iframe>\n<\/div><\/figure>\n\n\n\n<p>La vid\u00e9o sur le soldat Vanniez.<\/p>\n","protected":false},"excerpt":{"rendered":"<p>Si vous faites partie des personnes qui me suivent sur ma chaine myadventurebike et mon site myadventurebike.com, je suis heureux de vous informer du lancement prochain d&rsquo;une nouvelle activit\u00e9, baptis\u00e9e pixelsdhistoires. Mes derniers road trip en moto ont eu pour fil directeur les champs de bataille de 14-18, et tout cel\u00e0 a pris une tournure particuli\u00e8re avec le dernier sur le Soldat Vanniez. C&rsquo;est le d\u00e9clencheur d&rsquo;un projet que j&rsquo;ai depuis longtemps, celui de garder en m\u00e9moire l&rsquo;histoire et les&#8230;<\/p>\n<p class=\"read-more\"><a class=\"btn btn-default\" href=\"https:\/\/pixelsdhistoire.fr\/\">Lire la suite<span class=\"screen-reader-text\"> Lire la suite<\/span><\/a><\/p>\n","protected":false},"author":1,"featured_media":0,"parent":0,"menu_order":0,"comment_status":"closed","ping_status":"closed","template":"","meta":{"footnotes":""},"class_list":["post-2","page","type-page","status-publish","hentry"],"_links":{"self":[{"href":"https:\/\/pixelsdhistoire.fr\/index.php\/wp-json\/wp\/v2\/pages\/2","targetHints":{"allow":["GET"]}}],"collection":[{"href":"https:\/\/pixelsdhistoire.fr\/index.php\/wp-json\/wp\/v2\/pages"}],"about":[{"href":"https:\/\/pixelsdhistoire.fr\/index.php\/wp-json\/wp\/v2\/types\/page"}],"author":[{"embeddable":true,"href":"https:\/\/pixelsdhistoire.fr\/index.php\/wp-json\/wp\/v2\/users\/1"}],"replies":[{"embeddable":true,"href":"https:\/\/pixelsdhistoire.fr\/index.php\/wp-json\/wp\/v2\/comments?post=2"}],"version-history":[{"count":7,"href":"https:\/\/pixelsdhistoire.fr\/index.php\/wp-json\/wp\/v2\/pages\/2\/revisions"}],"predecessor-version":[{"id":40,"href":"https:\/\/pixelsdhistoire.fr\/index.php\/wp-json\/wp\/v2\/pages\/2\/revisions\/40"}],"wp:attachment":[{"href":"https:\/\/pixelsdhistoire.fr\/index.php\/wp-json\/wp\/v2\/media?parent=2"}],"curies":[{"name":"wp","href":"https:\/\/api.w.org\/{rel}","templated":true}]}}